the prime factors of 16442316?
2, 3, 11, 41521
List the prime factors of 220660.
2, 5, 11, 17, 59
What are the prime factors of 15784392?
2, 3, 13, 50591
What are the prime factors of 208627?
208627
What are the prime factors of 1924114?
2, 233, 4129
List the prime factors of 458421.
3, 41, 3727
What are the prime factors of 363984?
2, 3, 7583
List the prime factors of 2698482.
2, 3, 79, 5693
What are the prime factors of 1658573?
7, 41, 5779
List the prime factors of 9242613.
3, 342319
What are the prime factors of 2791422?
2, 3, 17231
What are the prime factors of 1831843?
13, 29, 43, 113
List the prime factors of 10418968.
2, 7, 3797
What are the prime factors of 240459?
3, 80153
What are the prime factors of 85853?
85853
List the prime factors of 960741.
3, 29, 409
What are the prime factors of 1098879?
3, 366293
What are the prime factors of 2145583?
11, 195053
What are the prime factors of 5043459?
3, 463, 3631
What are the prime factors of 2716668?
2, 3, 17, 23, 193
What are the prime factors of 3459847?
3459847
What are the prime factors of 2122282?
2, 1061141
List the prime factors of 3243281.
19, 211, 809
List the prime factors of 7310046.
2, 3, 137, 8893
What are the prime factors of 1284682?
2, 7, 13109
List the prime factors of 194506.
2, 13, 7481
List the prime factors of 13334.
2, 59, 113
List the prime factors of 253153.
253153
What are the prime factors of 881767?
47, 73, 257
List the prime factors of 2319420.
2, 3, 5, 29, 31, 43
What are the prime factors of 380777?
380777
What are the prime factors of 6416547?
3, 19, 112571
What are the prime factors of 71274?
2, 3, 7, 1697
What are the prime factors of 13833524?
2, 3458381
What are the prime factors of 2252814?
2, 3, 239, 1571
List the prime factors of 1803838.
2, 901919
What are the prime factors of 664520?
2, 5, 37, 449
List the prime factors of 404579.
7, 29, 1993
What are the prime factors of 140920?
2, 5, 13, 271
List the prime factors of 5945041.
41, 83, 1747
List the prime factors of 2232493.
2232493
What are the prime factors of 512326?
2, 256163
List the prime factors of 6821429.
367, 18587
List the prime factors of 279148.
2, 19, 3673
What are the prime factors of 277073?
277073
What are the prime factors of 71458?
2, 35729
List the prime factors of 1830819.
3, 89, 6857
List the prime factors of 8019184.
2, 97, 5167
List the prime factors of 14965957.
14965957
List the prime factors of 325249.
325249
What are the prime factors of 1010065?
5, 7, 28859
What are the prime factors of 62478?
2, 3, 13, 89
List the prime factors of 383167.
107, 3581
What are the prime factors of 4639916?
2, 137, 8467
What are the prime factors of 160626?
2, 3, 19, 1409
List the prime factors of 437074.
2, 11, 19867
What are the prime factors of 61411?
7, 31, 283
List the prime factors of 365520.
2, 3, 5, 1523
What are the prime factors of 85569?
3, 11, 2593
What are the prime factors of 4209818?
2, 2104909
What are the prime factors of 186648?
2, 3, 7, 11, 101
List the prime factors of 5040238.
2, 7, 51431
What are the prime factors of 20758106?
2, 239, 43427
List the prime factors of 3002136.
2, 3, 67, 1867
What are the prime factors of 75543?
3, 13, 149
List the prime factors of 695414.
2, 347707
What are the prime factors of 1216584?
2, 3, 61, 277
What are the prime factors of 525024?
2, 3, 1823
List the prime factors of 93330.
2, 3, 5, 17, 61
What are the prime factors of 2759191?
601, 4591
What are the prime factors of 677479?
11, 509
List the prime factors of 39278084.
2, 9819521
What are the prime factors of 164969?
7, 23567
List the prime factors of 1493812.
2, 373453
List the prime factors of 408242.
2, 43, 47, 101
What are the prime factors of 299?
13, 23
What are the prime factors of 1885428?
2, 3, 83, 631
List the prime factors of 19809805.
5, 3961961
What are the prime factors of 416812?
2, 11, 9473
List the prime factors of 940529.
940529
What are the prime factors of 2946791?
37, 73, 1091
What are the prime factors of 535999?
535999
List the prime factors of 13609323.
3, 7, 13, 29, 191
List the prime factors of 58500.
2, 3, 5, 13
What are the prime factors of 151559?
31, 4889
List the prime factors of 241040.
2, 5, 23, 131
What are the prime factors of 1489963?
23, 64781
List the prime factors of 1139208.
2, 3, 7, 6781
List the prime factors of 12642104.
2, 41, 38543
What are the prime factors of 1137003?
3, 7, 29, 1867
List the prime factors of 3880665.
3, 5, 83, 1039
What are the prime factors of 103825?
5, 4153
List the prime factors of 433165.
5, 41, 2113
What are the prime factors of 3567966?
2, 3, 59, 10079
What are the prime factors of 96843?
3, 19, 1699
What are the prime factors of 24639716?
2, 23, 223, 1201
List the prime factors of 397517.
397517
What are the prime factors of 75?
3, 5
What are the prime factors of 242078?
2, 121039
What are the prime factors of 1860126?
2, 3, 310021
List the prime factors of 10493930.
2, 5, 17, 61729
List the prime factors of 314791.
433, 727
List the prime factors of 31770916.
2, 7942729
List the prime factors of 171281.
11, 23, 677
List the prime factors of 5867429.
5867429
List the prime factors of 544692.
2, 3, 19, 2389
What are the prime factors of 645431?
645431
What are the prime factors of 9026905?
5, 1805381
What are the prime factors of 100619?
239, 421
What are the prime factors of 613333?
7, 12517
List the prime factors of 13689208.
2, 13, 131627
What are the prime factors of 3678304?
2, 7, 16421
List the prime factors of 8018078.
2, 4009039
List the prime factors of 15202977.
3, 23, 220333
What are the prime factors of 6491484?
2, 3, 17, 10607
What are the prime factors of 5230869?
3, 7, 249089
List the prime factors of 5389634.
2, 317, 8501
What are the prime factors of 517339?
23, 83, 271
List the prime factors of 314057.
59, 5323
What are the prime factors of 3677385?
3, 5, 61, 4019
What are the prime factors of 767776?
2, 23993
What are the prime factors of 9351211?
19, 463, 1063
What are the prime factors of 118449?
3, 41, 107
List the prime factors of 11827486.
2, 11, 197, 2729
List the prime factors of 536521.
23, 23327
List the prime factors of 405353.
13, 31181
List the prime factors of 52601.
23, 2287
List the prime factors of 348886.
2, 174443
What are the prime factors of 423542?
2, 7, 30253
What are the prime factors of 780678?
2, 3, 61, 79
What are the prime factors of 7194399?
3, 2398133
What are the prime factors of 4898699?
13, 376823
What are the prime factors of 5860470?
2, 3, 5, 7, 11, 43, 59
What are the prime factors of 8137724?
2, 7, 41519
What are the prime factors of 1248669?
3, 103, 449
What are the prime factors of 1070865?
3, 5, 53, 449
What are the prime factors of 33260?
2, 5, 1663
List the prime factors of 7103699.
7103699
What are the prime factors of 66812?
2, 16703
List the prime factors of 10435882.
2, 23, 29, 7823
What are the prime factors of 1558443?
3, 163, 3187
List the prime factors of 58357.
13, 67
List the prime factors of 1810516.
2, 452629
List the prime factors of 2979628.
2, 577, 1291
List the prime factors of 13215558.
2, 3, 1301, 1693
What are the prime factors of 7619555?
5, 23, 59, 1123
What are the prime factors of 383188?
2, 13, 7369
List the prime factors of 349390.
2, 5, 34939
List the prime factors of 10948724.
2, 587, 4663
What are the prime factors of 1528524?
2, 3, 14153
What are the prime factors of 1104318?
2, 3, 19, 3229
What are the prime factors of 883936?
2, 23, 1201
List the prime factors of 499555.
5, 7, 2039
List the prime factors of 329381.
13, 1949
What are the prime factors of 3632863?
13, 279451
List the prime factors of 2504104.
2, 89, 3517
List the prime factors of 17602.
2, 13, 677
List the prime factors of 2679126.
2, 3, 101, 4421
List the prime factors of 334060.
2, 5, 16703
List the prime factors of 1096486.
2, 548243
What are the prime factors of 10214478?
2, 3, 43, 53, 83
What are the prime factors of 9760203?
3, 193, 1873
What are the prime factors of 10237416?
2, 3, 7, 60937
List the prime factors of 1696925.
5, 103, 659
What are the prime factors of 104769?
3, 7, 1663
What are the prime factors of 938220?
2, 3, 5, 19, 823
List the prime factors of 608817.
3, 11, 19, 971
List the prime factors of 325505.
5, 65101
What are the prim